{"id":10520,"date":"2024-05-16T13:00:06","date_gmt":"2024-05-16T11:00:06","guid":{"rendered":"https:\/\/www.sozialethik.kath.theologie.uni-mainz.de\/?page_id=10520"},"modified":"2024-07-30T19:56:21","modified_gmt":"2024-07-30T17:56:21","slug":"prof-dr-michelle-becka","status":"publish","type":"page","link":"https:\/\/www.sozialethik.kath.theologie.uni-mainz.de\/en\/prof-dr-michelle-becka\/","title":{"rendered":"Prof. Dr. Michelle Becka"},"content":{"rendered":"<jgu-base-pageheader react-props=\"{\n    &quot;items&quot;: [\n        {\n            &quot;box&quot;: {\n                &quot;index&quot;: &quot;&quot;,\n                &quot;title&quot;: &quot;Prof. Dr. Michelle Becka&quot;,\n                &quot;link&quot;: {\n                    &quot;url&quot;: &quot;&quot;,\n                    &quot;title&quot;: &quot;learn more&quot;\n                }\n            },\n            &quot;color&quot;: &quot;default&quot;,\n            &quot;image&quot;: {\n                &quot;url&quot;: &quot;&quot;\n            },\n            &quot;imgCredit&quot;: &quot;&quot;,\n            &quot;useVideo&quot;: false,\n            &quot;video&quot;: false\n        }\n    ],\n    &quot;type&quot;: &quot;small&quot;,\n    &quot;useBreadcrumb&quot;: true,\n    &quot;align&quot;: &quot;full&quot;,\n    &quot;quicklinks&quot;: {\n        &quot;show&quot;: false,\n        &quot;selects&quot;: []\n    }\n}\">\n<\/jgu-base-pageheader>\n\n<jgu-base-accordion react-props=\"{&quot;selected&quot;:1,&quot;align&quot;:&quot;wide&quot;,&quot;hasAllOpenButton&quot;:true,&quot;onlyOne&quot;:false,&quot;initAllClosed&quot;:true,&quot;enableSearch&quot;:false}\">\n    \n<jgu-base-accordionitem react-props=\"{&quot;title&quot;:&quot;DFG Project \\&quot;Moralisches Subjekt unter Bedingungen der Asymmetrie. Ethische Fragestellungen im Justizvollzug.\\&quot;&quot;,&quot;init&quot;:false,&quot;slug&quot;:&quot;dfg-project-moralisches-subjekt-unter-bedingungen-der-asymmetrie-ethische-fragestellungen-im-justizvollzug&quot;,&quot;align&quot;:&quot;wide&quot;,&quot;customSlug&quot;:false}\">\n    \n\n<p>From 09\/2012-2015, Prof. Dr. Michelle Becka held her own DFG-funded position: &#8220;Moralisches Subjekt unter Bedingungen der Asymmetrie. Ethische Fragestellungen im Justizvollzug.&#8221; at Johannes Gutenberg University Mainz (subject: Christian Social Ethics).<\/p>\n\n\n<\/jgu-base-accordionitem>\n\n<jgu-base-accordionitem react-props=\"{&quot;title&quot;:&quot;Contact&quot;,&quot;init&quot;:false,&quot;slug&quot;:&quot;contact&quot;,&quot;align&quot;:&quot;wide&quot;,&quot;customSlug&quot;:false}\">\n    \n\n<p><a href=\"https:\/\/www.theologie.uni-wuerzburg.de\/institute-lehrstuehle\/prak\/professur-fuer-christliche-sozialethik\/\">Julius-Maximilians-Universit\u00e4t W\u00fcrzburg, Professur f\u00fcr Christliche Sozialethik<\/a><\/p>\n\n\n\n<p><a href=\"mailto:michelle.becka@uni-wuerzburg.de\">michelle.becka@uni-wuerzburg.de<\/a><\/p>\n\n\n<\/jgu-base-accordionitem>\n\n<\/jgu-base-accordion>\n    <div style=\"display: none\">\n        \n    <\/div>","protected":false},"excerpt":{"rendered":"","protected":false},"author":1,"featured_media":0,"parent":0,"menu_order":0,"comment_status":"closed","ping_status":"closed","template":"","meta":{"footnotes":""},"categories":[],"tags":[],"class_list":["post-10520","page","type-page","status-publish","hentry"],"content_raw":"<!-- wp:jgu\/pageheader {\"items\":[{\"box\":{\"index\":\"\",\"title\":\"Prof. Dr. Michelle Becka\",\"link\":{\"url\":\"\",\"title\":\"learn more\"}},\"color\":\"default\",\"image\":{\"url\":\"\"},\"imgCredit\":\"\",\"useVideo\":false,\"video\":false}],\"type\":\"small\",\"useBreadcrumb\":true} \/-->\n\n<!-- wp:jgu\/accordion {\"selected\":1} -->\n<!-- wp:jgu\/accordion-item {\"title\":\"DFG Project \\u0022Moralisches Subjekt unter Bedingungen der Asymmetrie. Ethische Fragestellungen im Justizvollzug.\\u0022\",\"init\":false,\"slug\":\"dfg-project-moralisches-subjekt-unter-bedingungen-der-asymmetrie-ethische-fragestellungen-im-justizvollzug\"} -->\n<!-- wp:paragraph -->\n<p>From 09\/2012-2015, Prof. Dr. Michelle Becka held her own DFG-funded position: \"Moralisches Subjekt unter Bedingungen der Asymmetrie. Ethische Fragestellungen im Justizvollzug.\" at Johannes Gutenberg University Mainz (subject: Christian Social Ethics).<\/p>\n<!-- \/wp:paragraph -->\n<!-- \/wp:jgu\/accordion-item -->\n\n<!-- wp:jgu\/accordion-item {\"title\":\"Contact\",\"init\":false,\"slug\":\"contact\"} -->\n<!-- wp:paragraph -->\n<p><a href=\"https:\/\/www.theologie.uni-wuerzburg.de\/institute-lehrstuehle\/prak\/professur-fuer-christliche-sozialethik\/\">Julius-Maximilians-Universit\u00e4t W\u00fcrzburg, Professur f\u00fcr Christliche Sozialethik<\/a><\/p>\n<!-- \/wp:paragraph -->\n\n<!-- wp:paragraph -->\n<p><a href=\"mailto:michelle.becka@uni-wuerzburg.de\">michelle.becka@uni-wuerzburg.de<\/a><\/p>\n<!-- \/wp:paragraph -->\n<!-- \/wp:jgu\/accordion-item -->\n<!-- \/wp:jgu\/accordion -->","_links":{"self":[{"href":"https:\/\/www.sozialethik.kath.theologie.uni-mainz.de\/en\/wp-json\/wp\/v2\/pages\/10520","targetHints":{"allow":["GET"]}}],"collection":[{"href":"https:\/\/www.sozialethik.kath.theologie.uni-mainz.de\/en\/wp-json\/wp\/v2\/pages"}],"about":[{"href":"https:\/\/www.sozialethik.kath.theologie.uni-mainz.de\/en\/wp-json\/wp\/v2\/types\/page"}],"author":[{"embeddable":true,"href":"https:\/\/www.sozialethik.kath.theologie.uni-mainz.de\/en\/wp-json\/wp\/v2\/users\/1"}],"replies":[{"embeddable":true,"href":"https:\/\/www.sozialethik.kath.theologie.uni-mainz.de\/en\/wp-json\/wp\/v2\/comments?post=10520"}],"version-history":[{"count":5,"href":"https:\/\/www.sozialethik.kath.theologie.uni-mainz.de\/en\/wp-json\/wp\/v2\/pages\/10520\/revisions"}],"predecessor-version":[{"id":11709,"href":"https:\/\/www.sozialethik.kath.theologie.uni-mainz.de\/en\/wp-json\/wp\/v2\/pages\/10520\/revisions\/11709"}],"wp:attachment":[{"href":"https:\/\/www.sozialethik.kath.theologie.uni-mainz.de\/en\/wp-json\/wp\/v2\/media?parent=10520"}],"wp:term":[{"taxonomy":"category","embeddable":true,"href":"https:\/\/www.sozialethik.kath.theologie.uni-mainz.de\/en\/wp-json\/wp\/v2\/categories?post=10520"},{"taxonomy":"post_tag","embeddable":true,"href":"https:\/\/www.sozialethik.kath.theologie.uni-mainz.de\/en\/wp-json\/wp\/v2\/tags?post=10520"}],"curies":[{"name":"wp","href":"https:\/\/api.w.org\/{rel}","templated":true}]}}

<jgu-base-pageheader react-props="{
    &quot;items&quot;: [
        {
            &quot;box&quot;: {
                &quot;index&quot;: &quot;&quot;,
                &quot;title&quot;: &quot;Prof. Dr. Michelle Becka&quot;,
                &quot;link&quot;: {
                    &quot;url&quot;: &quot;&quot;,
                    &quot;title&quot;: &quot;learn more&quot;
                }
            },
            &quot;color&quot;: &quot;default&quot;,
            &quot;image&quot;: {
                &quot;url&quot;: &quot;&quot;
            },
            &quot;imgCredit&quot;: &quot;&quot;,
            &quot;useVideo&quot;: false,
            &quot;video&quot;: false
        }
    ],
    &quot;type&quot;: &quot;small&quot;,
    &quot;useBreadcrumb&quot;: true,
    &quot;align&quot;: &quot;full&quot;,
    &quot;quicklinks&quot;: {
        &quot;show&quot;: false,
        &quot;selects&quot;: []
    }
}">
</jgu-base-pageheader>

<jgu-base-accordion react-props="{&quot;selected&quot;:1,&quot;align&quot;:&quot;wide&quot;,&quot;hasAllOpenButton&quot;:true,&quot;onlyOne&quot;:false,&quot;initAllClosed&quot;:true,&quot;enableSearch&quot;:false}">
    
<jgu-base-accordionitem react-props="{&quot;title&quot;:&quot;DFG Project \&quot;Moralisches Subjekt unter Bedingungen der Asymmetrie. Ethische Fragestellungen im Justizvollzug.\&quot;&quot;,&quot;init&quot;:false,&quot;slug&quot;:&quot;dfg-project-moralisches-subjekt-unter-bedingungen-der-asymmetrie-ethische-fragestellungen-im-justizvollzug&quot;,&quot;align&quot;:&quot;wide&quot;,&quot;customSlug&quot;:false}">
    

<p>From 09/2012-2015, Prof. Dr. Michelle Becka held her own DFG-funded position: &#8220;Moralisches Subjekt unter Bedingungen der Asymmetrie. Ethische Fragestellungen im Justizvollzug.&#8221; at Johannes Gutenberg University Mainz (subject: Christian Social Ethics).</p>


</jgu-base-accordionitem>

<jgu-base-accordionitem react-props="{&quot;title&quot;:&quot;Contact&quot;,&quot;init&quot;:false,&quot;slug&quot;:&quot;contact&quot;,&quot;align&quot;:&quot;wide&quot;,&quot;customSlug&quot;:false}">
    

<p><a href="https://www.theologie.uni-wuerzburg.de/institute-lehrstuehle/prak/professur-fuer-christliche-sozialethik/">Julius-Maximilians-Universität Würzburg, Professur für Christliche Sozialethik</a></p>



<p><a href="mailto:michelle.becka@uni-wuerzburg.de">michelle.becka@uni-wuerzburg.de</a></p>


</jgu-base-accordionitem>

</jgu-base-accordion>
    <div style="display: none">
        
    </div>

<!-- wp:jgu/pageheader {"items":[{"box":{"index":"","title":"Prof. Dr. Michelle Becka","link":{"url":"","title":"learn more"}},"color":"default","image":{"url":""},"imgCredit":"","useVideo":false,"video":false}],"type":"small","useBreadcrumb":true} /-->

<!-- wp:jgu/accordion {"selected":1} -->
<!-- wp:jgu/accordion-item {"title":"DFG Project \u0022Moralisches Subjekt unter Bedingungen der Asymmetrie. Ethische Fragestellungen im Justizvollzug.\u0022","init":false,"slug":"dfg-project-moralisches-subjekt-unter-bedingungen-der-asymmetrie-ethische-fragestellungen-im-justizvollzug"} -->
<!-- wp:paragraph -->
<p>From 09/2012-2015, Prof. Dr. Michelle Becka held her own DFG-funded position: "Moralisches Subjekt unter Bedingungen der Asymmetrie. Ethische Fragestellungen im Justizvollzug." at Johannes Gutenberg University Mainz (subject: Christian Social Ethics).</p>
<!-- /wp:paragraph -->
<!-- /wp:jgu/accordion-item -->

<!-- wp:jgu/accordion-item {"title":"Contact","init":false,"slug":"contact"} -->
<!-- wp:paragraph -->
<p><a href="https://www.theologie.uni-wuerzburg.de/institute-lehrstuehle/prak/professur-fuer-christliche-sozialethik/">Julius-Maximilians-Universität Würzburg, Professur für Christliche Sozialethik</a></p>
<!-- /wp:paragraph -->

<!-- wp:paragraph -->
<p><a href="mailto:michelle.becka@uni-wuerzburg.de">michelle.becka@uni-wuerzburg.de</a></p>
<!-- /wp:paragraph -->
<!-- /wp:jgu/accordion-item -->
<!-- /wp:jgu/accordion -->
